 = -2*s - 3 - 11. Let y(q) = -q**3 - 4*q**2 + 4*q. What is y(h)?
5
Let j(k) = -k**3 - 8*k**2 - 6*k + 1. Let w = 35 + -66. Let b = 24 + w. What is j(b)?
-6
Let h = 32 - 38. Let x(q) = q**2 + 4*q - 6. Calculate x(h).
6
Let k(v) = -v**3 + 8*v**2 + 10*v - 7. Let g be k(9). Let f(a) = -a**2 - 2*a - g*a + a - 3*a + 1. What is f(-7)?
-6
Let u be (-59)/(-3) + (-5)/(-15). Suppose -u = z - 6*z. Let v(h) = -h**2 + 3*h - 2. What is v(z)?
-6
Let r(s) = 83 + 77 - 2*s - 159 - 4*s**2 - s**3. Calculate r(-4).
9
Let i(n) = -n**2 - 5*n + 8. Let z be -9 + 7 - (35 - -1). Let k be z/6 + (-7)/(-21). Determine i(k).
2
Let l(n) = n**3 + 6*n**2 - 4. Let o(y) = y**3 - 5*y**2 + 4*y + 4. Let z be o(5). Let v be ((-12)/z)/(2/24). What is l(v)?
-4
Let m(u) = 9*u**3 - 11*u**2 - 9*u + 3. Let i(o) = -5*o**3 + 6*o**2 + 5*o - 2. Let s(j) = -11*i(j) - 6*m(j). Calculate s(0).
4
Suppose 0 = f + 4*x - 0*x + 21, 0 = -3*f + 2*x - 7. Suppose -17 = -3*v - 2. Let c(j) = 1 - j**2 - j - v*j + j. Calculate c(f).
1
Suppose 3*n + 10 + 5 = 4*i, -2*n = -i + 10. Let y(x) = 7*x + 4*x**2 - 3*x**2 + 3 + 3 - 4. Determine y(n).
-8
Let q be (-2)/((-2)/(-3)) - (-8 + 11). Let r(s) = -s**2 - 4*s + 6. What is r(q)?
-6
Suppose v - 1 = 0, -4*v + 7 + 7 = 5*s. Let w be ((-12)/9)/(s/21). Let m = w + 11. Let a(x) = -x**2. Calculate a(m).
-9
Let n = 17 + -7. Suppose -2*a = -4*a - n. Let m(o) = -15*o - 3. Let v(i) = 7*i + 2. Let y(k) = -6*m(k) - 13*v(k). Calculate y(a).
-3
Suppose 5*n + v = 15, -n - 3*v + 5 = 2. Let g(r) = 2*r - r + 2*r**2 - r**2 - 1. Let f(m) = 2*m**2 + 7*m - 3. Let y(t) = f(t) - 3*g(t). What is y(n)?
3
Let d(b) = 3*b. Let g(s) = s**2 - 10*s + 8. Let i(l) = l**3 + 6*l**2 + 2*l - 6. Let j be i(-5). Let o be g(j). Determine d(o).
-3
Let s(k) = k**2 + 9*k - 5. Let p be s(-10). Suppose 2*r + p*h - 3 + 2 = 0, -r + 3 = 5*h. Let l(c) = -2*c**2 + c. Determine l(r).
-10
Let i(b) = b**3 + 9*b**2 + 14*b + 4. Let r(v) = -v**3 - 9*v**2 - 13*v - 3. Let f(u) = 5*i(u) + 6*r(u). Give f(-8).
2
Let p(m) = -9*m + 1. Let v(z) = z**2 + 2*z + 1. Let q be v(-2). Determine p(q).
-8
Let j(q) be the first derivative of -2*q**3/3 - q**2 + 3*q + 2. Calculate j(-4).
-21
Let j(r) = -r**3 + 6*r**2 - r - 4. Let h be j(5). Suppose -2*y + h = 2*y. Let a(k) = -4 + 4 - 2 - y*k. Give a(-2).
6
Let p(o) be the third derivative of o**6/120 + o**5/30 + o**4/8 + o**3/6 + 3*o**2. Suppose 0 = -2*z + 5*j - 4 - 0, 4*z + 5*j + 8 = 0. What is p(z)?
-5
Suppose 4*i + 2 - 18 = 0. Suppose 6*a - 2*a = 2*p - 22, 4*p = -4*a - i. Let v(m) = -m**2 + 2*m + 3. Determine v(p).
0
Let f(x) = x**3 + 6*x**2 - 7*x + 4. Let p be f(-7). Let y(s) be the second derivative of s**2 + 0 + 3*s - 1/3*s**4 - 1/6*s**3 + 1/20*s**5. Determine y(p).
-2
Let l(v) = -3786*v**3 - 1 + 3785*v**3 - 5. What is l(0)?
-6
Let i(p) = -p + 11. Let b(x) be the second derivative of -3*x**2/2 + 2*x. Let z(k) = 9*b(k) + 2*i(k). Calculate z(-4).
3
Let d = 42 - 44. Let s(h) = -h**2 + 2*h + 2. Calculate s(d).
-6
Let w = -23 - -15. Let a be w/32 + 6/(-8). Let c(j) = -4*j**2. Determine c(a).
-4
Let b = 51 - 51. Let x(u) = -u - 5. What is x(b)?
-5
Let y(n) be the first derivative of n**4/12 - n**3/3 + 5*n**2/2 - 6. Let z(w) be the second derivative of y(w). Give z(4).
6
Let q(u) be the second derivative of -u**4/12 - 5*u**3/3 - 9*u**2/2 + 15*u. What is q(-10)?
-9
Let c(s) = s + 7. Suppose 3*v - f = -6, -2*f = 5*v - 0*v + 21. What is c(v)?
4
Suppose 8*g = 3*g. Suppose -4*s + 0*s + 4 = g. Let j(w) = -12*w - 4. Let d(o) = 11*o + 3. Let z(i) = 5*d(i) + 4*j(i). What is z(s)?
6
Let q(y) = 2 + 3*y + 2 + 0*y. Let o(t) = -2*t + 4. Let z be o(5). Let h = 3 + z. Calculate q(h).
-5
Suppose -a = -3*z + a - 9, 2*a = 6. Let s(c) = -10*c**2 + 8*c**2 + 1 + 2 - 2 + 4*c**3. What is s(z)?
-5
Let s be (0 - -1)/((-1)/(-2)). Let v(h) = 3 - 44*h - s + 45*h. Let t = 8 + -4. Determine v(t).
5
Let f(t) = -t**2 + 12*t + 14. Let z be f(10). Let p(s) = -5*s - z + 2*s**2 - s**2 + 39. What is p(5)?
5
Let o = 77 + -76. Let u(r) = 5*r + 1. Give u(o).
6
Let k(z) = -z**2 - 9*z - 6. Let f(p) = -2*p**2 - 4*p + 9. Let n be f(-4). Calculate k(n).
8
Let j(y) = -2*y - 6. Let t be j(-4). Let x(h) = t*h**2 + 2 - h**3 + 4*h**2 - 7*h**2 + h. What is x(-2)?
4
Let q(h) = h**3 + h**2 - 3. Suppose 0*s - 6 = s. Let w be (4/(-2))/(3/s). Suppose -4*k = -4*b - w, -3*b - 4*k + 7 - 3 = 0. What is q(b)?
-3
Let x(n) = n**2 - 3*n + 2. Let z(v) = 20*v**2 + 8. Let f(m) = 7*m**2 + 3. Let y(s) = -11*f(s) + 4*z(s). Let i be y(1). Give x(i).
0
Let k = 18 + -19. Let v(z) = -7*z + 1. What is v(k)?
8
Let t(o) = 10*o. Let c(p) be the third derivative of p**4/8 - p**2. Let g(v) = 14*c(v) - 5*t(v). Give g(1).
-8
Let v = -3 - -6. Let x = v + -2. Let k = 2 - x. Let h(c) = 5*c**2 + c - 1. Determine h(k).
5
Let j(f) = f**2 + 5*f - 6. Suppose 28 = -5*h + 2*a, -2*a = -3*h + 2*a - 14. Give j(h).
0
Let f(g) = 2*g**2 + 5*g + 1. Let s be f(-5). Let x = s - 17. Suppose 4 = t + x. Let k(z) = z**2 + 5*z - 7. Calculate k(t).
-7
Let r be 7 + -3 - (1 + 0). Let u(k) = -k. Let o(c) = c**2 + 3. Let z(w) = -o(w) - 3*u(w). Determine z(r).
-3
Let i be ((-8)/(-10))/(4/10). Suppose 3*b - 11 = -i. Let o(f) = -2*f + 1. Let q(y) = -y**2 + y - 1. Let r(v) = -o(v) + 2*q(v). What is r(b)?
-9
Let p be ((-4)/(-10))/((-4)/20). Let c be 44/7 + p/7. Let d(g) = -g + 7. What is d(c)?
1
Let y(q) = 2*q**3 - 3*q**2 + q - 1. Suppose 3*o = j + 1, -4*j + 25 = j. Let a be y(o). Let k(h) = 4 + 0 - 2*h + 0*h. Determine k(a).
-6
Suppose q - 3*b + 4 = -0*q, -5*q = 5*b. Let z(u) = 4*u**3 - 2*u**2 - 2*u - 1. What is z(q)?
-5
Let z(r) be the second derivative of -11*r**3/6 + 3*r**2/2 - 14*r. What is z(2)?
-19
Let o(v) be the third derivative of -v**6/120 + v**5/60 + v**4/24 + v**3 - v**2. Calculate o(0).
6
Let l(u) = u**3 + 4*u**2 - 6*u - 2. Let d be (-2)/(2/5) + 0. Let p be l(d). Let j(t) = -4*t + 5*t - t + 4 + 5*t**2 - t**p. Determine j(5).
4
Let h be 6/21 + (-38)/(-14). Suppose -5*d + h*k + 10 = 0, 2*k = 5*d + 7*k - 10. Let y(f) = -3*f**2 - 2*f + 3. Give y(d).
-13
Let r(v) be the third derivative of v**5/60 - v**4/12 - v**3/2 - 25*v**2. Give r(3).
0
Let o be (-5 - 6/(-3))/1. Let d = -2 + 4. Let u(a) = -a**2 + 0*a**2 + d*a + 4 + a**2 + a**2. Give u(o).
7
Let k(r) be the second derivative of 1/360*r**6 - 1/60*r**5 - 1/8*r**4 + 1/3*r**3 + 0*r**2 + 0 + 3*r. Let i(o) be the second derivative of k(o). Give i(4).
5
Let r(g) = -g**3 + 4*g**2 - 4*g. Let h be (-26)/143 - (-92)/22. Give r(h).
-16
Let b(a) = -a**3 + 4*a**2 + 2*a - 2. Let o(r) = -r**2 + 9*r + 4. Let t be o(10). Let p be (0 - -2)/((-3)/t). What is b(p)?
6
Let u(n) = -n**3 + 6*n**2 - 6*n + 5. Suppose 3*f - 27 = -0*f. Suppose 0 = -4*q + 5*q - 4. Let o = f - q. Determine u(o).
0
Suppose 0 = -2*p - 2*p + 4*t + 32, -t = -3*p + 30. Suppose -5*o + 9 = -p. Suppose 3*d + o = -g, -4*d + 2*g = -g + 14. Let r(v) = -v**3 + v - 2. Give r(d).
4
Let r = 6 - 10. Let o(l) = -2*l - 3 - l - 6. Let u(f) = 1. Let j(c) = r*u(c) - o(c). What is j(-5)?
-10
Let m = 9 - 7. Let h(j) = -5*j - 3*j**2 + 2 + j**m - 5. Let f be (6/(-4))/((-2)/(-4)). Give h(f).
-6
Let h(d) be the first derivative of -d**4/4 - d**3 + 3*d**2 + 2*d - 13. Calculate h(-4).
-6
Let a(q) be the first derivative of q**4/4 + 2*q**3 + 7*q**2/2 + 4*q + 1. Let z(y) = y + 4. Let i be z(-6). Let m be 12/2*i/3. Determine a(m).
8
Let t(d) = 1. Let x(i) = -i + 1. Let g(u) = -u. Let k be g(-2). Let m(r) = k*t(r) + x(r). What is m(5)?
-2
Let n(p) = p - 5. Let t be 0 - -3 - (3 - 5). Calculate n(t).
0
Let q be (-1)/(-2) - 27/(-6). Let o(v) = -7*v - 4*v**2 + 5 + 0*v**2 + v**3 + 0*v**2. Give o(q).
-5
Let h(k) = -k**2 - k - 2. Let m be (-4 - 96/(-20))/((-2)/5). Determine h(m).
-4
Let d(x) = -x**2 - 4*x + 6. Let z = 4 + -6. Let w be (5/z)/(9/18). What is d(w)?
1
Suppose 0 = 3*x + 2*f + 28, -x + 3*x - 4*f + 24 = 0. Let d(r) = -r**3 - 9*r**2 + 9*r - 7. What is d(x)?
3
Let x(o) = 23*o**2 + 7*o - 12. Let c(y) = 11*y**2 + 3*y - 5. Let l(k) = -7*c(k) + 3*x(k). Give l(1).
-9
Let b(k) = -3*k - 2. Let t = -10 + 13. Suppose 2*f = t*f - 2. Calculate b(f).
-8
Suppose -3*w + 10 = 5*s + 27, -w = -3*s - 13. Suppose 0 = l - 3 - w. Let m(v) = -l + 3 - 1 - v - v. Give m(2).
-6
Let f(n) = 8*n + 25. Let w be f(-2). Let j(v) = -v**2 + 8*v + 7. What is j(w)?
-2
Let b be (27/2)/((-12)/(-16)). Suppose 5*t + 1 = 3*y, 5*t + 3*y + 1 = -b. Let c(h) = 0*h + 1